{"id":462,"date":"2025-08-29T13:59:36","date_gmt":"2025-08-29T13:59:36","guid":{"rendered":"https:\/\/viaggiaprof.com\/?page_id=462"},"modified":"2026-02-05T16:46:25","modified_gmt":"2026-02-05T16:46:25","slug":"proposte","status":"publish","type":"page","link":"https:\/\/viaggiaprof.com\/index.php\/proposte\/","title":{"rendered":"Proposte"},"content":{"rendered":"\t\t<div data-elementor-type=\"wp-page\" data-elementor-id=\"462\" class=\"elementor elementor-462\">\n\t\t\t\t<div class=\"elementor-element elementor-element-0294bfb e-flex e-con-boxed elementor-invisible e-con e-parent\" data-id=\"0294bfb\" data-element_type=\"container\" data-settings=\"{&quot;animation&quot;:&quot;fadeInLeft&quot;}\">\n\t\t\t\t\t<div class=\"e-con-inner\">\n\t\t\t\t<div class=\"elementor-element elementor-element-5f631ee elementor-widget elementor-widget-heading\" data-id=\"5f631ee\" data-element_type=\"widget\" data-widget_type=\"heading.default\">\n\t\t\t\t\t<h2 class=\"elementor-heading-title elementor-size-default\">PROPOSTE<\/h2>\t\t\t\t<\/div>\n\t\t\t\t\t<\/div>\n\t\t\t\t<\/div>\n\t\t<div class=\"elementor-element elementor-element-2a80e79 e-flex e-con-boxed e-con e-parent\" data-id=\"2a80e79\" data-element_type=\"container\">\n\t\t\t\t\t<div class=\"e-con-inner\">\n\t\t\t\t<div class=\"elementor-element elementor-element-115db41 elementor-widget-divider--view-line elementor-widget elementor-widget-divider\" data-id=\"115db41\" data-element_type=\"widget\" data-widget_type=\"divider.default\">\n\t\t\t\t\t\t\t<div class=\"elementor-divider\">\n\t\t\t<span class=\"elementor-divider-separator\">\n\t\t\t\t\t\t<\/span>\n\t\t<\/div>\n\t\t\t\t\t\t<\/div>\n\t\t\t\t\t<\/div>\n\t\t\t\t<\/div>\n\t\t<div class=\"elementor-element elementor-element-bd44616 e-con-full e-flex e-con e-parent\" data-id=\"bd44616\" data-element_type=\"container\">\n\t\t<div class=\"elementor-element elementor-element-743dbd5 e-con-full e-flex elementor-invisible e-con e-child\" data-id=\"743dbd5\" data-element_type=\"container\" data-settings=\"{&quot;animation&quot;:&quot;fadeInLeft&quot;}\">\n\t\t<div class=\"elementor-element elementor-element-270d9dd e-con-full e-flex e-con e-child\" data-id=\"270d9dd\" data-element_type=\"container\">\n\t\t\t\t<div class=\"elementor-element elementor-element-276888e elementor-widget elementor-widget-text-editor\" data-id=\"276888e\" data-element_type=\"widget\" data-widget_type=\"text-editor.default\">\n\t\t\t\t\t\t\t\t\t<h1>Vacanza studio\u00a0LONDRA READING<\/h1>\t\t\t\t\t\t\t\t<\/div>\n\t\t\t\t<div class=\"elementor-element elementor-element-b4730a4 elementor-widget elementor-widget-text-editor\" data-id=\"b4730a4\" data-element_type=\"widget\" data-widget_type=\"text-editor.default\">\n\t\t\t\t\t\t\t\t\t<h3>Partenza 01.07 ritorno 14.07 da MILANO<\/h3>\t\t\t\t\t\t\t\t<\/div>\n\t\t<div class=\"elementor-element elementor-element-ab5ec75 e-con-full e-flex e-con e-child\" data-id=\"ab5ec75\" data-element_type=\"container\">\n\t\t\t\t<div class=\"elementor-element elementor-element-723f85c elementor-widget elementor-widget-text-editor\" data-id=\"723f85c\" data-element_type=\"widget\" data-widget_type=\"text-editor.default\">\n\t\t\t\t\t\t\t\t\t<p>Vacanza Studio a Londra &#8211; Reading College<\/p><p>Vivi un\u2019esperienza indimenticabile con la nostra vacanza studio a Londra, ospitata nell\u2019elegante campus universitario di Reading, a pochi minuti dalla capitale. Gli studenti alloggeranno in camere singole con bagno privato e pensione completa, all\u2019interno di un ambiente sicuro, moderno e stimolante.<\/p><p>Il programma prevede 40 moduli di lezione suddivisi per livello linguistico, con la possibilit\u00e0 di prepararsi e sostenere l&#8217;esame Cambridge English, una certificazione riconosciuta a livello internazionale.<\/p><p>Non mancano le escursioni: scopri Londra in tutta la sua energia, ma anche la bellezza storica di Bath, il mistero di Stonehenge e l&#8217;eleganza di Windsor.<\/p><p>Una vacanza studio \u00e8 molto pi\u00f9 di un corso d\u2019inglese: \u00e8 crescita personale, scoperta, autonomia e amicizie internazionali. Un&#8217;opportunit\u00e0 unica per imparare divertendosi, in un contesto internazionale e multiculturale.<\/p>\t\t\t\t\t\t\t\t<\/div>\n\t\t\t\t<\/div>\n\t\t<div class=\"elementor-element elementor-element-05bb280 e-con-full e-flex e-con e-child\" data-id=\"05bb280\" data-element_type=\"container\">\n\t\t\t\t<div class=\"elementor-element elementor-element-f23426b elementor-widget elementor-widget-text-editor\" data-id=\"f23426b\" data-element_type=\"widget\" data-widget_type=\"text-editor.default\">\n\t\t\t\t\t\t\t\t\t<p><strong>Per informazioni<\/strong><br \/>Email: viaggiaprof@gmail.com<br \/>Phone: +39 3470110014<\/p>\t\t\t\t\t\t\t\t<\/div>\n\t\t<div class=\"elementor-element elementor-element-5e1d155 e-con-full e-flex e-con e-child\" data-id=\"5e1d155\" data-element_type=\"container\">\n\t\t\t\t<div class=\"elementor-element elementor-element-6228b19 elementor-align-center elementor-widget elementor-widget-button\" data-id=\"6228b19\" data-element_type=\"widget\" data-widget_type=\"button.default\">\n\t\t\t\t\t\t\t\t\t\t<a class=\"elementor-button elementor-button-link elementor-size-lg elementor-animation-bob\" href=\"https:\/\/viaggiaprof.com\/wp-content\/uploads\/2025\/10\/READINGDANGELO.pdf\" target=\"_blank\">\n\t\t\t\t\t\t<span class=\"elementor-button-content-wrapper\">\n\t\t\t\t\t\t<span class=\"elementor-button-icon\">\n\t\t\t\t<svg aria-hidden=\"true\" class=\"e-font-icon-svg e-fas-angle-double-right\" viewBox=\"0 0 448 512\" xmlns=\"http:\/\/www.w3.org\/2000\/svg\"><path d=\"M224.3 273l-136 136c-9.4 9.4-24.6 9.4-33.9 0l-22.6-22.6c-9.4-9.4-9.4-24.6 0-33.9l96.4-96.4-96.4-96.4c-9.4-9.4-9.4-24.6 0-33.9L54.3 103c9.4-9.4 24.6-9.4 33.9 0l136 136c9.5 9.4 9.5 24.6.1 34zm192-34l-136-136c-9.4-9.4-24.6-9.4-33.9 0l-22.6 22.6c-9.4 9.4-9.4 24.6 0 33.9l96.4 96.4-96.4 96.4c-9.4 9.4-9.4 24.6 0 33.9l22.6 22.6c9.4 9.4 24.6 9.4 33.9 0l136-136c9.4-9.2 9.4-24.4 0-33.8z\"><\/path><\/svg>\t\t\t<\/span>\n\t\t\t\t\t\t\t\t\t<span class=\"elementor-button-text\">Scarica la proposta<\/span>\n\t\t\t\t\t<\/span>\n\t\t\t\t\t<\/a>\n\t\t\t\t\t\t\t\t<\/div>\n\t\t\t\t<div class=\"elementor-element elementor-element-9668858 elementor-align-center elementor-widget elementor-widget-button\" data-id=\"9668858\" data-element_type=\"widget\" data-widget_type=\"button.default\">\n\t\t\t\t\t\t\t\t\t\t<a class=\"elementor-button elementor-button-link elementor-size-lg elementor-animation-bob\" href=\"https:\/\/leaderzone.mlaworld.com\/offerta\/Default.aspx?token=MTY5NjQ7MQ==\" target=\"_blank\">\n\t\t\t\t\t\t<span class=\"elementor-button-content-wrapper\">\n\t\t\t\t\t\t<span class=\"elementor-button-icon\">\n\t\t\t\t<svg aria-hidden=\"true\" class=\"e-font-icon-svg e-fas-angle-double-right\" viewBox=\"0 0 448 512\" xmlns=\"http:\/\/www.w3.org\/2000\/svg\"><path d=\"M224.3 273l-136 136c-9.4 9.4-24.6 9.4-33.9 0l-22.6-22.6c-9.4-9.4-9.4-24.6 0-33.9l96.4-96.4-96.4-96.4c-9.4-9.4-9.4-24.6 0-33.9L54.3 103c9.4-9.4 24.6-9.4 33.9 0l136 136c9.5 9.4 9.5 24.6.1 34zm192-34l-136-136c-9.4-9.4-24.6-9.4-33.9 0l-22.6 22.6c-9.4 9.4-9.4 24.6 0 33.9l96.4 96.4-96.4 96.4c-9.4 9.4-9.4 24.6 0 33.9l22.6 22.6c9.4 9.4 24.6 9.4 33.9 0l136-136c9.4-9.2 9.4-24.4 0-33.8z\"><\/path><\/svg>\t\t\t<\/span>\n\t\t\t\t\t\t\t\t\t<span class=\"elementor-button-text\">Link per iscriversi<\/span>\n\t\t\t\t\t<\/span>\n\t\t\t\t\t<\/a>\n\t\t\t\t\t\t\t\t<\/div>\n\t\t\t\t<\/div>\n\t\t\t\t<\/div>\n\t\t\t\t<\/div>\n\t\t\t\t<\/div>\n\t\t<div class=\"elementor-element elementor-element-f5ca5c9 e-con-full e-flex elementor-invisible e-con e-child\" data-id=\"f5ca5c9\" data-element_type=\"container\" data-settings=\"{&quot;animation&quot;:&quot;fadeInRight&quot;}\">\n\t\t\t\t<div class=\"elementor-element elementor-element-b40d3d3 elementor-widget elementor-widget-image\" data-id=\"b40d3d3\" data-element_type=\"widget\" data-widget_type=\"image.default\">\n\t\t\t\t\t\t\t\t\t\t\t\t\t\t\t<img fetchpriority=\"high\" decoding=\"async\" width=\"640\" height=\"853\" src=\"https:\/\/viaggiaprof.com\/wp-content\/uploads\/2025\/10\/WhatsApp-Image-2025-10-09-at-12.00.05-768x1024.jpeg\" class=\"attachment-medium_large size-medium_large wp-image-881\" alt=\"\" srcset=\"https:\/\/viaggiaprof.com\/wp-content\/uploads\/2025\/10\/WhatsApp-Image-2025-10-09-at-12.00.05-768x1024.jpeg 768w, https:\/\/viaggiaprof.com\/wp-content\/uploads\/2025\/10\/WhatsApp-Image-2025-10-09-at-12.00.05-225x300.jpeg 225w, https:\/\/viaggiaprof.com\/wp-content\/uploads\/2025\/10\/WhatsApp-Image-2025-10-09-at-12.00.05.jpeg 1056w\" sizes=\"(min-width: 960px) 75vw, 100vw\" \/>\t\t\t\t\t\t\t\t\t\t\t\t\t\t\t<\/div>\n\t\t\t\t<div class=\"elementor-element elementor-element-ea8047b elementor-widget elementor-widget-image\" data-id=\"ea8047b\" data-element_type=\"widget\" data-widget_type=\"image.default\">\n\t\t\t\t\t\t\t\t\t\t\t\t\t\t\t<img decoding=\"async\" width=\"485\" height=\"786\" src=\"https:\/\/viaggiaprof.com\/wp-content\/uploads\/2025\/10\/Screenshot-2025-10-13-163240.webp\" class=\"attachment-medium_large size-medium_large wp-image-929\" alt=\"\" srcset=\"https:\/\/viaggiaprof.com\/wp-content\/uploads\/2025\/10\/Screenshot-2025-10-13-163240.webp 485w, https:\/\/viaggiaprof.com\/wp-content\/uploads\/2025\/10\/Screenshot-2025-10-13-163240-185x300.webp 185w\" sizes=\"(min-width: 960px) 75vw, 100vw\" \/>\t\t\t\t\t\t\t\t\t\t\t\t\t\t\t<\/div>\n\t\t\t\t<\/div>\n\t\t\t\t<\/div>\n\t\t<div class=\"elementor-element elementor-element-ad96f54 e-flex e-con-boxed e-con e-parent\" data-id=\"ad96f54\" data-element_type=\"container\">\n\t\t\t\t\t<div class=\"e-con-inner\">\n\t\t\t\t<div class=\"elementor-element elementor-element-a264a0c elementor-widget-divider--view-line elementor-widget elementor-widget-divider\" data-id=\"a264a0c\" data-element_type=\"widget\" data-widget_type=\"divider.default\">\n\t\t\t\t\t\t\t<div class=\"elementor-divider\">\n\t\t\t<span class=\"elementor-divider-separator\">\n\t\t\t\t\t\t<\/span>\n\t\t<\/div>\n\t\t\t\t\t\t<\/div>\n\t\t\t\t\t<\/div>\n\t\t\t\t<\/div>\n\t\t<div class=\"elementor-element elementor-element-b0eac90 e-flex e-con-boxed e-con e-parent\" data-id=\"b0eac90\" data-element_type=\"container\">\n\t\t\t\t\t<div class=\"e-con-inner\">\n\t\t<div class=\"elementor-element elementor-element-09be79c e-con-full e-flex elementor-invisible e-con e-child\" data-id=\"09be79c\" data-element_type=\"container\" data-settings=\"{&quot;animation&quot;:&quot;fadeInLeft&quot;}\">\n\t\t<div class=\"elementor-element elementor-element-017c3f7 e-con-full e-flex e-con e-child\" data-id=\"017c3f7\" data-element_type=\"container\">\n\t\t\t\t<div class=\"elementor-element elementor-element-e47545d elementor-widget elementor-widget-text-editor\" data-id=\"e47545d\" data-element_type=\"widget\" data-widget_type=\"text-editor.default\">\n\t\t\t\t\t\t\t\t\t<h1>Viaggio a LOS ANGELES &amp; GRAND CANYON<\/h1>\t\t\t\t\t\t\t\t<\/div>\n\t\t\t\t<div class=\"elementor-element elementor-element-2dc2f19 elementor-widget elementor-widget-text-editor\" data-id=\"2dc2f19\" data-element_type=\"widget\" data-widget_type=\"text-editor.default\">\n\t\t\t\t\t\t\t\t\t<h3>Partenza 17.07 ritorno 31.07 da MILANO<\/h3>\t\t\t\t\t\t\t\t<\/div>\n\t\t\t\t<div class=\"elementor-element elementor-element-174907e elementor-widget elementor-widget-text-editor\" data-id=\"174907e\" data-element_type=\"widget\" data-widget_type=\"text-editor.default\">\n\t\t\t\t\t\t\t\t\t<p>Vacanza Studio a Los Angeles &amp; Grand Canyon<\/p><p>Scopri la California come non l\u2019hai mai vista con la nostra vacanza studio a Los Angeles, tra studio, sole e spettacolo! Gli studenti alloggeranno in un college moderno con piscina, in camere doppie dotate di bagno ogni due studenti, in un ambiente internazionale, sicuro e stimolante.<\/p><p>Il programma prevede lezioni d\u2019inglese coinvolgenti con insegnanti qualificati, attivit\u00e0 culturali e sociali, e visite nei luoghi pi\u00f9 iconici di Los Angeles: da Hollywood a Santa Monica, da Beverly Hills a Downtown LA, con una puntata al campo dei Lakers!<\/p><p>Ma il viaggio non finisce qui: l\u2019esperienza include anche due giorni e tre notti a Las Vegas &amp; Grand Canyon, per vivere il fascino della Strip e la maestosit\u00e0 di uno dei parchi naturali pi\u00f9 spettacolari del mondo.<\/p><p>Questa vacanza studio \u00e8 molto pi\u00f9 di un semplice soggiorno linguistico: \u00e8 un\u2019immersione totale nella cultura americana, un\u2019occasione per migliorare il proprio inglese, stringere nuove amicizie e tornare a casa con ricordi indelebili.<\/p>\t\t\t\t\t\t\t\t<\/div>\n\t\t<div class=\"elementor-element elementor-element-5a3f6e8 e-con-full e-flex e-con e-child\" data-id=\"5a3f6e8\" data-element_type=\"container\">\n\t\t\t\t<div class=\"elementor-element elementor-element-5639049 elementor-widget elementor-widget-text-editor\" data-id=\"5639049\" data-element_type=\"widget\" data-widget_type=\"text-editor.default\">\n\t\t\t\t\t\t\t\t\t<p><strong>Per informazioni<\/strong><br \/>Email: viaggiaprof@gmail.com<br \/>Phone: +39 3470110014<\/p>\t\t\t\t\t\t\t\t<\/div>\n\t\t<div class=\"elementor-element elementor-element-7a05aae e-con-full e-flex e-con e-child\" data-id=\"7a05aae\" data-element_type=\"container\">\n\t\t\t\t<div class=\"elementor-element elementor-element-151ada7 elementor-align-center elementor-widget elementor-widget-button\" data-id=\"151ada7\" data-element_type=\"widget\" data-widget_type=\"button.default\">\n\t\t\t\t\t\t\t\t\t\t<a class=\"elementor-button elementor-button-link elementor-size-lg elementor-animation-bob\" href=\"https:\/\/viaggiaprof.com\/wp-content\/uploads\/2025\/10\/LOSANGELESDANGELO.pdf\" target=\"_blank\">\n\t\t\t\t\t\t<span class=\"elementor-button-content-wrapper\">\n\t\t\t\t\t\t<span class=\"elementor-button-icon\">\n\t\t\t\t<svg aria-hidden=\"true\" class=\"e-font-icon-svg e-fas-angle-double-right\" viewBox=\"0 0 448 512\" xmlns=\"http:\/\/www.w3.org\/2000\/svg\"><path d=\"M224.3 273l-136 136c-9.4 9.4-24.6 9.4-33.9 0l-22.6-22.6c-9.4-9.4-9.4-24.6 0-33.9l96.4-96.4-96.4-96.4c-9.4-9.4-9.4-24.6 0-33.9L54.3 103c9.4-9.4 24.6-9.4 33.9 0l136 136c9.5 9.4 9.5 24.6.1 34zm192-34l-136-136c-9.4-9.4-24.6-9.4-33.9 0l-22.6 22.6c-9.4 9.4-9.4 24.6 0 33.9l96.4 96.4-96.4 96.4c-9.4 9.4-9.4 24.6 0 33.9l22.6 22.6c9.4 9.4 24.6 9.4 33.9 0l136-136c9.4-9.2 9.4-24.4 0-33.8z\"><\/path><\/svg>\t\t\t<\/span>\n\t\t\t\t\t\t\t\t\t<span class=\"elementor-button-text\">Scarica la proposta<\/span>\n\t\t\t\t\t<\/span>\n\t\t\t\t\t<\/a>\n\t\t\t\t\t\t\t\t<\/div>\n\t\t\t\t<div class=\"elementor-element elementor-element-a7f17d9 elementor-align-center elementor-widget elementor-widget-button\" data-id=\"a7f17d9\" data-element_type=\"widget\" data-widget_type=\"button.default\">\n\t\t\t\t\t\t\t\t\t\t<a class=\"elementor-button elementor-button-link elementor-size-lg elementor-animation-bob\" href=\"https:\/\/leaderzone.mlaworld.com\/offerta\/Default.aspx?token=MTY5MzU7MQ==\" target=\"_blank\">\n\t\t\t\t\t\t<span class=\"elementor-button-content-wrapper\">\n\t\t\t\t\t\t<span class=\"elementor-button-icon\">\n\t\t\t\t<svg aria-hidden=\"true\" class=\"e-font-icon-svg e-fas-angle-double-right\" viewBox=\"0 0 448 512\" xmlns=\"http:\/\/www.w3.org\/2000\/svg\"><path d=\"M224.3 273l-136 136c-9.4 9.4-24.6 9.4-33.9 0l-22.6-22.6c-9.4-9.4-9.4-24.6 0-33.9l96.4-96.4-96.4-96.4c-9.4-9.4-9.4-24.6 0-33.9L54.3 103c9.4-9.4 24.6-9.4 33.9 0l136 136c9.5 9.4 9.5 24.6.1 34zm192-34l-136-136c-9.4-9.4-24.6-9.4-33.9 0l-22.6 22.6c-9.4 9.4-9.4 24.6 0 33.9l96.4 96.4-96.4 96.4c-9.4 9.4-9.4 24.6 0 33.9l22.6 22.6c9.4 9.4 24.6 9.4 33.9 0l136-136c9.4-9.2 9.4-24.4 0-33.8z\"><\/path><\/svg>\t\t\t<\/span>\n\t\t\t\t\t\t\t\t\t<span class=\"elementor-button-text\">Link per iscriversi<\/span>\n\t\t\t\t\t<\/span>\n\t\t\t\t\t<\/a>\n\t\t\t\t\t\t\t\t<\/div>\n\t\t\t\t<\/div>\n\t\t\t\t<\/div>\n\t\t\t\t<\/div>\n\t\t\t\t<\/div>\n\t\t<div class=\"elementor-element elementor-element-8708266 e-con-full e-flex elementor-invisible e-con e-child\" data-id=\"8708266\" data-element_type=\"container\" data-settings=\"{&quot;animation&quot;:&quot;fadeInRight&quot;}\">\n\t\t\t\t<div class=\"elementor-element elementor-element-52ebc4e elementor-widget elementor-widget-image\" data-id=\"52ebc4e\" data-element_type=\"widget\" data-widget_type=\"image.default\">\n\t\t\t\t\t\t\t\t\t\t\t\t\t\t\t<img decoding=\"async\" width=\"640\" height=\"815\" src=\"https:\/\/viaggiaprof.com\/wp-content\/uploads\/2025\/10\/los-angeles-293786_1280-768x978.webp\" class=\"attachment-medium_large size-medium_large wp-image-914\" alt=\"\" srcset=\"https:\/\/viaggiaprof.com\/wp-content\/uploads\/2025\/10\/los-angeles-293786_1280-768x978.webp 768w, https:\/\/viaggiaprof.com\/wp-content\/uploads\/2025\/10\/los-angeles-293786_1280-236x300.webp 236w, https:\/\/viaggiaprof.com\/wp-content\/uploads\/2025\/10\/los-angeles-293786_1280-804x1024.webp 804w, https:\/\/viaggiaprof.com\/wp-content\/uploads\/2025\/10\/los-angeles-293786_1280.webp 1005w\" sizes=\"(min-width: 960px) 75vw, 100vw\" \/>\t\t\t\t\t\t\t\t\t\t\t\t\t\t\t<\/div>\n\t\t\t\t<div class=\"elementor-element elementor-element-b6a62f3 elementor-widget elementor-widget-image\" data-id=\"b6a62f3\" data-element_type=\"widget\" data-widget_type=\"image.default\">\n\t\t\t\t\t\t\t\t\t\t\t\t\t\t\t<img loading=\"lazy\" decoding=\"async\" width=\"480\" height=\"600\" src=\"https:\/\/viaggiaprof.com\/wp-content\/uploads\/2025\/10\/copertina-mla-world-2.webp\" class=\"attachment-medium_large size-medium_large wp-image-923\" alt=\"\" srcset=\"https:\/\/viaggiaprof.com\/wp-content\/uploads\/2025\/10\/copertina-mla-world-2.webp 480w, https:\/\/viaggiaprof.com\/wp-content\/uploads\/2025\/10\/copertina-mla-world-2-240x300.webp 240w\" sizes=\"(min-width: 960px) 75vw, 100vw\" \/>\t\t\t\t\t\t\t\t\t\t\t\t\t\t\t<\/div>\n\t\t\t\t<\/div>\n\t\t\t\t\t<\/div>\n\t\t\t\t<\/div>\n\t\t<div class=\"elementor-element elementor-element-aff9cf4 e-flex e-con-boxed e-con e-parent\" data-id=\"aff9cf4\" data-element_type=\"container\">\n\t\t\t\t\t<div class=\"e-con-inner\">\n\t\t\t\t\t<\/div>\n\t\t\t\t<\/div>\n\t\t\t\t<\/div>\n\t\t","protected":false},"excerpt":{"rendered":"<p>PROPOSTE Vacanza studio\u00a0LONDRA READING Partenza 01.07 ritorno 14.07 da MILANO Vacanza Studio a Londra &#8211; Reading College Vivi un\u2019esperienza indimenticabile con la nostra vacanza studio a Londra, ospitata nell\u2019elegante campus universitario di Reading, a pochi minuti dalla capitale. Gli studenti alloggeranno in camere singole con bagno privato e pensione completa, all\u2019interno di un ambiente sicuro, [&hellip;]<\/p>\n","protected":false},"author":1,"featured_media":0,"parent":0,"menu_order":0,"comment_status":"closed","ping_status":"closed","template":"","meta":{"footnotes":""},"class_list":["post-462","page","type-page","status-publish","hentry"],"_links":{"self":[{"href":"https:\/\/viaggiaprof.com\/index.php\/wp-json\/wp\/v2\/pages\/462","targetHints":{"allow":["GET"]}}],"collection":[{"href":"https:\/\/viaggiaprof.com\/index.php\/wp-json\/wp\/v2\/pages"}],"about":[{"href":"https:\/\/viaggiaprof.com\/index.php\/wp-json\/wp\/v2\/types\/page"}],"author":[{"embeddable":true,"href":"https:\/\/viaggiaprof.com\/index.php\/wp-json\/wp\/v2\/users\/1"}],"replies":[{"embeddable":true,"href":"https:\/\/viaggiaprof.com\/index.php\/wp-json\/wp\/v2\/comments?post=462"}],"version-history":[{"count":132,"href":"https:\/\/viaggiaprof.com\/index.php\/wp-json\/wp\/v2\/pages\/462\/revisions"}],"predecessor-version":[{"id":939,"href":"https:\/\/viaggiaprof.com\/index.php\/wp-json\/wp\/v2\/pages\/462\/revisions\/939"}],"wp:attachment":[{"href":"https:\/\/viaggiaprof.com\/index.php\/wp-json\/wp\/v2\/media?parent=462"}],"curies":[{"name":"wp","href":"https:\/\/api.w.org\/{rel}","templated":true}]}}